{"id":71,"name":"harmonogramy","title":"Harmonogramy","desc":"","header":"Harmonogramy","lead":"","keywords":"","changes":"Edycja strony","menu":"Harmonogramy","path":"\/informacja-i-poradnictwo-zawodowe\/harmonogramy.html","url":"\/informacja-i-poradnictwo-zawodowe\/harmonogramy.html","infoOwner":"Wojew\u00f3dzki Urz\u0105d Pracy w Katowicach","dateFirstPublicate":"2024-10-14 14:29:22","dateLastVersionPublicate":"2025-12-04 07:50:18","dateAvailableFrom":"2025-05-16 14:29:16","dateAvailableTo":"","type":"jednostki_Zwyk\u0142a","pageParams":[],"components":[{"id":"93bb94fe-7312-11e9-90c1-000c290e6fc2","type":"SectionDescription","name":"","description":"Zajawka sekcji","content":[]},{"id":"93bbe8e3-7312-11e9-90c1-000c290e6fc2","type":"PageTitle","name":"Tytu\u0142 strony","description":"Tytu\u0142 strony","content":{"title":"Harmonogramy"}},{"id":"93bc435c-7312-11e9-90c1-000c290e6fc2","type":"PageDescription","name":"","description":"Zajawka strony","content":[]},{"id":"93bcef8e-7312-11e9-90c1-000c290e6fc2","type":"ContentWYSIWYG","name":"Tre\u015b\u0107","description":"Tre\u015b\u0107 strony","content":{"content":"\u003Cp\u003E\u003Cstrong\u003E\u003Ca href=\u0022https:\/\/wupkatowice.praca.gov.pl\/zajecia-z-zakresu-planowania-rozwoju-kariery-zawodowej1\u0022 title=\u0022Harmonogramy spotka\u0144 w Centrach Informacji i Planowania Kariery Zawodowej w wojew\u00f3dztwie \u015bl\u0105skim\u0022 target=\u0022_blank\u0022 rel=\u0022noopener noreferrer\u0022\u003EHarmonogramy spotka\u0144 w Centrach Informacji i Planowania Kariery Zawodowej w wojew\u00f3dztwie \u015bl\u0105skim\u003C\/a\u003E\u003C\/strong\u003E\u003C\/p\u003E\n\u003Cp\u003E\u003Cstrong\u003E\u003Cspan\u003E\u003Ca href=\u0022https:\/\/wupkatowice.praca.gov.pl\/zajecia-z-zakresu-samozatrudnienia\u0022 target=\u0022_blank\u0022 rel=\u0022noopener noreferrer\u0022\u003E\u003Cu\u003E\u003C\/u\u003E\u003C\/a\u003E\u003Cu\u003E\u003Ca href=\u0022https:\/\/wupkatowice.praca.gov.pl\/zajecia-z-zakresu-samozatrudnienia\u0022 title=\u0022Harmonogram zaj\u0119\u0107 z zakresu samozatrudnienia\u0022 target=\u0022_blank\u0022 rel=\u0022noopener noreferrer\u0022\u003EHarmonogram zaj\u0119\u0107 z zakresu samozatrudnienia\u003C\/a\u003E\u003C\/u\u003E\u003C\/span\u003E\u003C\/strong\u003E\u003C\/p\u003E","promotion":false}},{"id":"93bd42ce-7312-11e9-90c1-000c290e6fc2","type":"Gallery","name":"Galeria","description":"Galeria"},{"id":"93bd956b-7312-11e9-90c1-000c290e6fc2","type":"Attachment","name":"Za\u0142\u0105czniki","description":"Za\u0142\u0105czniki do strony"},{"id":"d63e71ef-92cf-11f0-b976-00505697ccff","type":"PageThumbnail","name":"","description":"Miniaturka strony","content":[]}]}

Wojewódzki Urząd Pracy w Katowicach

jednostki_Zwykła

Tytuł strony

Treść

Treść strony

<p><strong><a href="https://wupkatowice.praca.gov.pl/zajecia-z-zakresu-planowania-rozwoju-kariery-zawodowej1" title="Harmonogramy spotkań w Centrach Informacji i Planowania Kariery Zawodowej w województwie śląskim" target="_blank" rel="noopener noreferrer">Harmonogramy spotkań w Centrach Informacji i Planowania Kariery Zawodowej w województwie śląskim</a></strong></p>
<p><strong><span><a href="https://wupkatowice.praca.gov.pl/zajecia-z-zakresu-samozatrudnienia" target="_blank" rel="noopener noreferrer"><u></u></a><u><a href="https://wupkatowice.praca.gov.pl/zajecia-z-zakresu-samozatrudnienia" title="Harmonogram zajęć z zakresu samozatrudnienia" target="_blank" rel="noopener noreferrer">Harmonogram zajęć z zakresu samozatrudnienia</a></u></span></strong></p>

Załączniki

Załączniki do strony
