{"id":1642,"name":"informacja-o-wynikach-naboru-na-stanowisko-urzednicze-zespol-ds-postepowan-administracyjnych-wchodzacy-w-sklad-wydzialu-kontroli-funduszy-europejskich","title":"Informacja o wynikach naboru na stanowisko urz\u0119dnicze Zesp\u00f3\u0142 ds. Post\u0119powa\u0144 Administracyjnych wchodz\u0105cy  w sk\u0142ad Wydzia\u0142u Kontroli Funduszy Europejskich","desc":"","header":"Informacja o wynikach naboru na stanowisko urz\u0119dnicze Zesp\u00f3\u0142 ds. Post\u0119powa\u0144 Administracyjnych wchodz\u0105cy  w sk\u0142ad Wydzia\u0142u Kontroli Funduszy Europejskich","lead":"","keywords":"","changes":"Dodanie nowego artyku\u0142u","menu":"","path":"\/praca-w-wup\/rozstrzygniecia-konkursow\/informacja-o-wynikach-naboru-na-stanowisko-urzednicze-zespol-ds-postepowan-administracyjnych-wchodzacy-w-sklad-wydzialu-kontroli-funduszy-europejskich.html","url":"\/praca-w-wup\/rozstrzygniecia-konkursow\/informacja-o-wynikach-naboru-na-stanowisko-urzednicze-zespol-ds-postepowan-administracyjnych-wchodzacy-w-sklad-wydzialu-kontroli-funduszy-europejskich.html","infoOwner":"Wojew\u00f3dzki Urz\u0105d Pracy w Katowicach","dateFirstPublicate":"2026-04-20 14:57:12","dateLastVersionPublicate":"2026-04-20 14:57:12","dateAvailableFrom":"","dateAvailableTo":"","type":"Rozstrzygni\u0119cia konkurs\u00f3w - WUP","pageParams":[{"id":"305","name":"jednostki_tytu\u0142 og\u0142oszenia","description":"Tytu\u0142 og\u0142oszenia","value":"Informacja o wynikach naboru na stanowisko urz\u0119dnicze Zesp\u00f3\u0142 ds. Post\u0119powa\u0144 Administracyjnych wchodz\u0105cy  w sk\u0142ad Wydzia\u0142u Kontroli Funduszy Europejskich"},{"id":"306","name":"jednostki_data og\u0142oszenia","description":"Data og\u0142oszenia","value":"2026-04-20"},{"id":"422","name":"STANOWISKA_WUP","description":"Rodzaj stanowiska","value":"66302"}],"components":[{"id":"93bb94fe-7312-11e9-90c1-000c290e6fc2","type":"SectionDescription","name":"","description":"Zajawka sekcji","content":[]},{"id":"93bbe8e3-7312-11e9-90c1-000c290e6fc2","type":"PageTitle","name":"Tytu\u0142 strony","description":"Tytu\u0142 strony","content":{"title":"Informacja o wynikach naboru na stanowisko urz\u0119dnicze Zesp\u00f3\u0142 ds. Post\u0119powa\u0144 Administracyjnych wchodz\u0105cy  w sk\u0142ad Wydzia\u0142u Kontroli Funduszy Europejskich"}},{"id":"93bc435c-7312-11e9-90c1-000c290e6fc2","type":"PageDescription","name":"","description":"Zajawka strony","content":[]},{"id":"93bcef8e-7312-11e9-90c1-000c290e6fc2","type":"ContentWYSIWYG","name":"Tre\u015b\u0107","description":"Tre\u015b\u0107 strony","content":{"content":"\u003Cp\u003E\u003Cstrong\u003EInformacja o wynikach naboru\u00a0\u003C\/strong\u003E\u003Cstrong\u003Ena stanowisko urz\u0119dnicze\u003C\/strong\u003E\u003C\/p\u003E\n\u003Cp\u003EZesp\u00f3\u0142 ds. Post\u0119powa\u0144 Administracyjnych wchodz\u0105cy w sk\u0142ad Wydzia\u0142u Kontroli Funduszy Europejskich\u003C\/p\u003E\n\u003Cp\u003E\u003Cstrong\u003E\u003Cem\u003E\u00a0\u003C\/em\u003E\u003C\/strong\u003E\u003C\/p\u003E\n\u003Cp\u003E\u003Cstrong\u003Ew Wojew\u00f3dzkim Urz\u0119dzie Pracy w Katowicach\u003C\/strong\u003E\u003C\/p\u003E\n\u003Cp\u003E\u003Cstrong\u003Eul. Sokolska 29\u003C\/strong\u003E\u003C\/p\u003E\n\u003Cp\u003E\u003Cstrong\u003E40-086 Katowice\u003C\/strong\u003E\u003C\/p\u003E\n\u003Cp\u003E\u00a0\u003C\/p\u003E\n\u003Cp\u003EInformujemy, \u017ce w wyniku zako\u0144czenia procedury naboru na stanowisku urz\u0119dniczym \u2013 do Zespo\u0142u ds. Post\u0119powa\u0144 Administracyjnych wchodz\u0105cego w sk\u0142ad Wydzia\u0142u Kontroli Funduszy Europejskich zatrudniona zostanie nast\u0119puj\u0105ca osoba:\u003C\/p\u003E\n\u003Cp\u003E\u003Cstrong\u003E\u00a0\u003C\/strong\u003E\u003C\/p\u003E\n\u003Cp\u003E\u003Cstrong\u003EPatryk Nowak \u003C\/strong\u003Ezamieszka\u0142y w Katowicach.\u003C\/p\u003E\n\u003Cp\u003E\u003Cstrong\u003E\u00a0\u003C\/strong\u003E\u003C\/p\u003E\n\u003Cp\u003E\u003Cstrong\u003EUzasadnienie wyboru:\u003C\/strong\u003E\u003C\/p\u003E\n\u003Cp\u003E\u003Cstrong\u003EPan \u003C\/strong\u003EPatryk Nowak uzyska\u0142 46,50 punkt\u00f3w w skali od 20 do 50. Oceniany by\u0142 pod wzgl\u0119dem \u015bci\u015ble okre\u015blonych kryteri\u00f3w: elementy profilu osobowego, wiedza wymagana w og\u0142oszeniu, tre\u015b\u0107 i poprawno\u015b\u0107 wypowiedzi, a tak\u017ce autoprezentacja.\u003C\/p\u003E","promotion":false}},{"id":"93bd42ce-7312-11e9-90c1-000c290e6fc2","type":"Gallery","name":"Galeria","description":"Galeria"},{"id":"93bd956b-7312-11e9-90c1-000c290e6fc2","type":"Attachment","name":"Za\u0142\u0105czniki","description":"Za\u0142\u0105czniki do strony"},{"id":"d63e71ef-92cf-11f0-b976-00505697ccff","type":"PageThumbnail","name":"","description":"Miniaturka strony","content":[]}]}

Informacja o wynikach naboru na stanowisko urzędnicze Zespół ds. Postępowań Administracyjnych wchodzący  w skład Wydziału Kontroli Funduszy Europejskich

Dodanie nowego artykułu

Wojewódzki Urząd Pracy w Katowicach

Rozstrzygnięcia konkursów - WUP

jednostki_tytuł ogłoszenia

Tytuł ogłoszenia

jednostki_data ogłoszenia

Data ogłoszenia

Tytuł strony

Treść

Treść strony

<p><strong>Informacja o wynikach naboru </strong><strong>na stanowisko urzędnicze</strong></p>
<p>Zespół ds. Postępowań Administracyjnych wchodzący w skład Wydziału Kontroli Funduszy Europejskich</p>
<p><strong><em> </em></strong></p>
<p><strong>w Wojewódzkim Urzędzie Pracy w Katowicach</strong></p>
<p><strong>ul. Sokolska 29</strong></p>
<p><strong>40-086 Katowice</strong></p>
<p> </p>
<p>Informujemy, że w wyniku zakończenia procedury naboru na stanowisku urzędniczym – do Zespołu ds. Postępowań Administracyjnych wchodzącego w skład Wydziału Kontroli Funduszy Europejskich zatrudniona zostanie następująca osoba:</p>
<p><strong> </strong></p>
<p><strong>Patryk Nowak </strong>zamieszkały w Katowicach.</p>
<p><strong> </strong></p>
<p><strong>Uzasadnienie wyboru:</strong></p>
<p><strong>Pan </strong>Patryk Nowak uzyskał 46,50 punktów w skali od 20 do 50. Oceniany był pod względem ściśle określonych kryteriów: elementy profilu osobowego, wiedza wymagana w ogłoszeniu, treść i poprawność wypowiedzi, a także autoprezentacja.</p>

Załączniki

Załączniki do strony
