{"id":710,"name":"kontrola-po-wer-nr-12027","title":"MIASTO BYTOM\/ POWIATOWY URZ\u0104D PRACY W BYTOMIU DA \u2013 331-36\/20","desc":"","header":"MIASTO BYTOM\/ POWIATOWY URZ\u0104D PRACY W BYTOMIU DA \u2013 331-36\/20","lead":"","keywords":"","changes":"Dodanie nowego artyku\u0142u","menu":"","path":"\/wyniki-kontroli-zamowien-publicznych-w-projektach-fe\/wyniki-kontroli-po-wer\/kontrola-po-wer-nr-12027.html","url":"\/wyniki-kontroli-zamowien-publicznych-w-projektach-fe\/wyniki-kontroli-po-wer\/kontrola-po-wer-nr-12027.html","infoOwner":"Wojew\u00f3dzki Urz\u0105d Pracy w Katowicach","dateFirstPublicate":"2025-11-27 14:02:13","dateLastVersionPublicate":"2025-11-27 14:02:13","dateAvailableFrom":"","dateAvailableTo":"","type":"Wyniki kontroli - PO WER WUP","pageParams":[{"id":"326","name":"Podmiot kontroluj\u0105cy kontrole zewn\u0119trzne (jednostki)","description":"Podmiot kontroluj\u0105cy","value":"Wojew\u00f3dzki Urz\u0105d Pracy w Katowicach \/ Wydzia\u0142 Kontroli EFS\/ Zesp\u00f3\u0142 ds. kontroli w Cz\u0119stochowie"},{"id":"327","name":"Zakres czasowy i tematyczny kontroli (jednostki)","description":"Zakres czasowy i tematyczny kontroli","value":"\u201eAktywizacja os\u00f3b m\u0142odych pozostaj\u0105cych bez pracy w Bytomiu (V)\u201d, projekt POWR.01.01.01-24-0006\/20"},{"id":"328","name":"Termin rozpocz\u0119cia kontroli (jednostki)","description":"Termin rozpocz\u0119cia kontroli","value":"2022-05-23"},{"id":"329","name":"Termin zako\u0144czenia kontroli (jednostki)","description":"Termin zako\u0144czenia kontroli","value":"2022-05-25"},{"id":"397","name":"PODMIOT_KONTROLOWANY1","description":"Podmiot kontrolowany","value":"Miasto Bytom\/ Powiatowy Urz\u0105d Pracy w Bytomiu"}],"components":[{"id":"93bb94fe-7312-11e9-90c1-000c290e6fc2","type":"SectionDescription","name":"","description":"Zajawka sekcji","content":[]},{"id":"93bbe8e3-7312-11e9-90c1-000c290e6fc2","type":"PageTitle","name":"Tytu\u0142 strony","description":"Tytu\u0142 strony","content":{"title":"MIASTO BYTOM\/ POWIATOWY URZ\u0104D PRACY W BYTOMIU DA \u2013 331-36\/20"}},{"id":"93bc435c-7312-11e9-90c1-000c290e6fc2","type":"PageDescription","name":"","description":"Zajawka strony","content":[]},{"id":"93bcef8e-7312-11e9-90c1-000c290e6fc2","type":"ContentWYSIWYG","name":"Tre\u015b\u0107","description":"Tre\u015b\u0107 strony","content":{"content":"\u003Cp\u003E\u003Cspan\u003EPrzedmiot zam\u00f3wienia:\u003C\/span\u003E\u003Cbr \/\u003E\u003Cspan\u003Ewyb\u00f3r wykonawcy szkolenia\u00a0pn. \u201eABC Przedsi\u0119biorczo\u015bci\u201d - szkolenie os\u00f3b bezrobotnych wsp\u00f3\u0142finansowane ze \u015brodk\u00f3w EFS Dzia\u0142anie 1.1 Aktywizacja os\u00f3b m\u0142odych pozostaj\u0105cych bez pracy w Bytomiu (V) w ramach Programu Operacyjnego Wiedza, Edukacja, Rozw\u00f3j\u201d (na podstawie art. 138 o) ustawy Prawo zam\u00f3wie\u0144 publicznych.\u003C\/span\u003E\u003C\/p\u003E","promotion":false}},{"id":"93bd42ce-7312-11e9-90c1-000c290e6fc2","type":"Gallery","name":"Galeria","description":"Galeria"},{"id":"93bd956b-7312-11e9-90c1-000c290e6fc2","type":"Attachment","name":"Za\u0142\u0105czniki","description":"Za\u0142\u0105czniki do strony","content":[{"src":"\/resource\/464\/DA-331-3620PUPBYTOM.pdf","extension":"PDF","name":"def1924aeb67a1ed879b2fb29f80533a.pdf","size":"288.56 KB"}]},{"id":"d63e71ef-92cf-11f0-b976-00505697ccff","type":"PageThumbnail","name":"","description":"Miniaturka strony","content":[]}]}

MIASTO BYTOM/ POWIATOWY URZĄD PRACY W BYTOMIU DA – 331-36/20

Dodanie nowego artykułu

Wojewódzki Urząd Pracy w Katowicach

Podmiot kontrolujący kontrole zewnętrzne (jednostki)

Podmiot kontrolujący

Wojewódzki Urząd Pracy w Katowicach / Wydział Kontroli EFS/ Zespół ds. kontroli w Częstochowie

„Aktywizacja osób młodych pozostających bez pracy w Bytomiu (V)”, projekt POWR.01.01.01-24-0006/20

Termin rozpoczęcia kontroli (jednostki)

Termin rozpoczęcia kontroli

Termin zakończenia kontroli (jednostki)

Termin zakończenia kontroli

Miasto Bytom/ Powiatowy Urząd Pracy w Bytomiu

Tytuł strony

Treść

Treść strony

<p><span>Przedmiot zamówienia:</span><br /><span>wybór wykonawcy szkolenia pn. „ABC Przedsiębiorczości” - szkolenie osób bezrobotnych współfinansowane ze środków EFS Działanie 1.1 Aktywizacja osób młodych pozostających bez pracy w Bytomiu (V) w ramach Programu Operacyjnego Wiedza, Edukacja, Rozwój” (na podstawie art. 138 o) ustawy Prawo zamówień publicznych.</span></p>

Załączniki

Załączniki do strony
