{"id":1358,"name":"przetarg-nieograniczony-pn-8-20-organizacja-i-realizacja-badania-pt-sytuacja-na-slaskim-rynku-pracy-w-aspekcie-spoleczno-gospodarczym-w-perspektywie-2021-roku-w-opiniach-przedsiebiorcow---badanie-sondazowe","title":"Przetarg nieograniczony PN_8_20 Organizacja i realizacja badania pt. Sytuacja na \u015bl\u0105skim rynku pracy w aspekcie spo\u0142eczno-gospodarczym w perspektywie 2021 roku w opiniach przedsi\u0119biorc\u00f3w - badanie sonda\u017cowe","desc":"","header":"Przetarg nieograniczony PN_8_20 Organizacja i realizacja badania pt. Sytuacja na \u015bl\u0105skim rynku pracy w aspekcie spo\u0142eczno-gospodarczym w perspektywie 2021 roku w opiniach przedsi\u0119biorc\u00f3w - badanie sonda\u017cowe","lead":"","keywords":"","changes":"Dodanie nowego artyku\u0142u","menu":"","path":"\/zamowienia-publiczne\/archiwum-zamowien-publicznych_1\/przetargi-nieograniczone-2020\/przetarg-nieograniczony-pn-8-20-organizacja-i-realizacja-badania-pt-sytuacja-na-slaskim-rynku-pracy-w-aspekcie-spoleczno-gospodarczym-w-perspektywie-2021-roku-w-opiniach-przedsiebiorcow---badanie-sondazowe.html","url":"\/zamowienia-publiczne\/archiwum-zamowien-publicznych_1\/przetargi-nieograniczone-2020\/przetarg-nieograniczony-pn-8-20-organizacja-i-realizacja-badania-pt-sytuacja-na-slaskim-rynku-pracy-w-aspekcie-spoleczno-gospodarczym-w-perspektywie-2021-roku-w-opiniach-przedsiebiorcow---badanie-sondazowe.html","infoOwner":"Wojew\u00f3dzki Urz\u0105d Pracy w Katowicach","dateFirstPublicate":"2025-11-26 14:35:47","dateLastVersionPublicate":"2025-11-26 14:35:47","dateAvailableFrom":"","dateAvailableTo":"","type":"jednostki_Zwyk\u0142a","pageParams":[],"components":[{"id":"93bb94fe-7312-11e9-90c1-000c290e6fc2","type":"SectionDescription","name":"","description":"Zajawka sekcji","content":[]},{"id":"93bbe8e3-7312-11e9-90c1-000c290e6fc2","type":"PageTitle","name":"Tytu\u0142 strony","description":"Tytu\u0142 strony","content":{"title":"Przetarg nieograniczony PN_8_20 Organizacja i realizacja badania pt. Sytuacja na \u015bl\u0105skim rynku pracy w aspekcie spo\u0142eczno-gospodarczym w perspektywie 2021 roku w opiniach przedsi\u0119biorc\u00f3w - badanie sonda\u017cowe"}},{"id":"93bc435c-7312-11e9-90c1-000c290e6fc2","type":"PageDescription","name":"","description":"Zajawka strony","content":[]},{"id":"93bcef8e-7312-11e9-90c1-000c290e6fc2","type":"ContentWYSIWYG","name":"Tre\u015b\u0107","description":"Tre\u015b\u0107 strony","content":{"content":"","promotion":false}},{"id":"93bd42ce-7312-11e9-90c1-000c290e6fc2","type":"Gallery","name":"Galeria","description":"Galeria"},{"id":"93bd956b-7312-11e9-90c1-000c290e6fc2","type":"Attachment","name":"Za\u0142\u0105czniki","description":"Za\u0142\u0105czniki do strony","content":[{"src":"\/resource\/1793\/INFORMACJAZOTWARCIAOFERT.pdf","extension":"PDF","name":"ef04a7ad08da069bff4f187a996ac1db.pdf","size":"329.22 KB"},{"src":"\/resource\/1793\/MODYFIKACJA.pdf","extension":"PDF","name":"b9dd4d939989c256337e06896a44b8fa.pdf","size":"239.18 KB"},{"src":"\/resource\/1793\/Og%25C5%2582oszenieowyborze.pdf","extension":"PDF","name":"b9a36ca09fac164ff9c337acc03a0617.pdf","size":"224.29 KB"},{"src":"\/resource\/1793\/og%25C5%2582oszenieuzp.pdf","extension":"PDF","name":"17ece60ba358f37e93a4d3c9a5fceef6.pdf","size":"4.74 MB"},{"src":"\/resource\/1793\/pytanieiwyja%25C5%259Bnienie.pdf","extension":"PDF","name":"2479f13c620a35a2030c9db72e0eb01f.pdf","size":"251.53 KB"},{"src":"\/resource\/1793\/SIWZPN8.pdf","extension":"PDF","name":"1f5045bcc3671a494a7958c1db859507.pdf","size":"1.98 MB"},{"src":"\/resource\/1793\/za%25C5%2582%25C4%2585cznikiwwersjiedytowalnej.doc","extension":"DOC","name":"5fb31c8a4ba039301c9c2def045035e8.doc","size":"252 KB"}]},{"id":"d63e71ef-92cf-11f0-b976-00505697ccff","type":"PageThumbnail","name":"","description":"Miniaturka strony","content":[]}]}

Przetarg nieograniczony PN_8_20 Organizacja i realizacja badania pt. Sytuacja na śląskim rynku pracy w aspekcie społeczno-gospodarczym w perspektywie 2021 roku w opiniach przedsiębiorców - badanie sondażowe

Dodanie nowego artykułu

Wojewódzki Urząd Pracy w Katowicach

jednostki_Zwykła

Tytuł strony

Treść

Treść strony

Załączniki

Załączniki do strony
