{"id":386,"name":"kompleksowe-zorganizowanie-i-przeprowadzenie-uslugi-indywidualnych-zajec-doradztwa-zawodowego-indywidualnych-zajec-posrednictwa-zawodowego-oraz-indywidualnego-wsparcia-psychologicznego","title":"Kompleksowe zorganizowanie i przeprowadzenie us\u0142ugi indywidualnych zaj\u0119\u0107 doradztwa zawodowego, indywidualnych zaj\u0119\u0107 po\u015brednictwa zawodowego oraz indywidualnego wsparcia psychologicznego","desc":"","header":"Kompleksowe zorganizowanie i przeprowadzenie us\u0142ugi indywidualnych zaj\u0119\u0107 doradztwa zawodowego, indywidualnych zaj\u0119\u0107 po\u015brednictwa zawodowego oraz indywidualnego wsparcia psychologicznego","lead":"","keywords":"","changes":"Dodanie nowego artyku\u0142u","menu":"","path":"\/zamowienia-publiczne\/zamowienianieobjetestosowaniemustawypzpkwotaponizej170000zl\/kompleksowe-zorganizowanie-i-przeprowadzenie-uslugi-indywidualnych-zajec-doradztwa-zawodowego-indywidualnych-zajec-posrednictwa-zawodowego-oraz-indywidualnego-wsparcia-psychologicznego.html","url":"\/zamowienia-publiczne\/zamowienianieobjetestosowaniemustawypzpkwotaponizej170000zl\/kompleksowe-zorganizowanie-i-przeprowadzenie-uslugi-indywidualnych-zajec-doradztwa-zawodowego-indywidualnych-zajec-posrednictwa-zawodowego-oraz-indywidualnego-wsparcia-psychologicznego.html","infoOwner":"Wojew\u00f3dzki Urz\u0105d Pracy w Katowicach","dateFirstPublicate":"2025-11-26 14:16:16","dateLastVersionPublicate":"2025-11-26 14:16:16","dateAvailableFrom":"","dateAvailableTo":"","type":"jednostki_Zam\u00f3wienia nie obj\u0119te stosowaniem ustawy Pzp (od 2021)","pageParams":[{"id":"312","name":"jednostki_tytu\u0142 zam\u00f3wienia","description":"Tytu\u0142 zam\u00f3wienia","value":"Kompleksowe zorganizowanie i przeprowadzenie us\u0142ugi indywidualnych zaj\u0119\u0107 doradztwa zawodowego, indywidualnych zaj\u0119\u0107 po\u015brednictwa zawodowego oraz indywidualnego wsparcia psychologicznego"},{"id":"313","name":"jednostki_data og\u0142oszenia zam\u00f3wienia","description":"Data og\u0142oszenia","value":"2025-08-27"},{"id":"314","name":"jednostki_status zam\u00f3wienia","description":"Status zam\u00f3wienia","value":"58754"}],"components":[{"id":"93bb94fe-7312-11e9-90c1-000c290e6fc2","type":"SectionDescription","name":"","description":"Zajawka sekcji","content":[]},{"id":"93bbe8e3-7312-11e9-90c1-000c290e6fc2","type":"PageTitle","name":"Tytu\u0142 strony","description":"Tytu\u0142 strony","content":{"title":"Kompleksowe zorganizowanie i przeprowadzenie us\u0142ugi indywidualnych zaj\u0119\u0107 doradztwa zawodowego, indywidualnych zaj\u0119\u0107 po\u015brednictwa zawodowego oraz indywidualnego wsparcia psychologicznego"}},{"id":"93bc435c-7312-11e9-90c1-000c290e6fc2","type":"PageDescription","name":"","description":"Zajawka strony","content":[]},{"id":"93bcef8e-7312-11e9-90c1-000c290e6fc2","type":"ContentWYSIWYG","name":"Tre\u015b\u0107","description":"Tre\u015b\u0107 strony","content":{"content":"\u003Cp\u003E\u003Cspan\u003EZam\u00f3wienie prowadzone jest za po\u015brednictwem\u00a0Bazy Konkurencyjno\u015bci pod adresem:\u00a0\u003C\/span\u003E\u003Ca href=\u0022https:\/\/bazakonkurencyjnosci.funduszeeuropejskie.gov.pl\/ogloszenia\/241479\u0022 target=\u0022_blank\u0022 rel=\u0022noopener noreferrer\u0022 title=\u0022Link kieruje do strony zewn\u0119trznej\u0022\u003Ehttps:\/\/bazakonkurencyjnosci.funduszeeuropejskie.gov.pl\/ogloszenia\/241479\u003C\/a\u003E\u003C\/p\u003E","promotion":false}},{"id":"93bd42ce-7312-11e9-90c1-000c290e6fc2","type":"Gallery","name":"Galeria","description":"Galeria"},{"id":"93bd956b-7312-11e9-90c1-000c290e6fc2","type":"Attachment","name":"Za\u0142\u0105czniki","description":"Za\u0142\u0105czniki do strony"},{"id":"d63e71ef-92cf-11f0-b976-00505697ccff","type":"PageThumbnail","name":"","description":"Miniaturka strony","content":[]}]}

Kompleksowe zorganizowanie i przeprowadzenie usługi indywidualnych zajęć doradztwa zawodowego, indywidualnych zajęć pośrednictwa zawodowego oraz indywidualnego wsparcia psychologicznego

Dodanie nowego artykułu

Wojewódzki Urząd Pracy w Katowicach

jednostki_Zamówienia nie objęte stosowaniem ustawy Pzp (od 2021)

jednostki_tytuł zamówienia

Tytuł zamówienia

jednostki_data ogłoszenia zamówienia

Data ogłoszenia

jednostki_status zamówienia

Status zamówienia

Tytuł strony

Treść

Treść strony

<p><span>Zamówienie prowadzone jest za pośrednictwem Bazy Konkurencyjności pod adresem: </span><a href="https://bazakonkurencyjnosci.funduszeeuropejskie.gov.pl/ogloszenia/241479" target="_blank" rel="noopener noreferrer" title="Link kieruje do strony zewnętrznej">https://bazakonkurencyjnosci.funduszeeuropejskie.gov.pl/ogloszenia/241479</a></p>

Załączniki

Załączniki do strony
